 = -8*v. Is v a composite number?
True
Suppose 4*b = 4*s + 7638568, -58*b = -56*b + 4*s - 3819326. Is b composite?
True
Let x(y) = -y**3 + 12*y**2 - 10*y - 7. Let f be x(11). Is (0 - 1)/(f - (-199912)/(-49976)) a composite number?
False
Let c(v) = 285*v**2 + 10*v - 39. Suppose -5*a - b + 3*b = -22, 3*a - 3*b - 15 = 0. Is c(a) a prime number?
True
Is 11 + -10*(-404244)/90 a composite number?
False
Let g(v) = 400*v - 403. Let t be g(-14). Let h = t + 9796. Is h prime?
True
Suppose -4*j + 61581 = -5*y - 24550, -2*j + 43073 = -5*y. Is j a prime number?
True
Let c(d) = -d**3 - 7*d**2 + 9*d + 10. Let x = 28 + -36. Let u be c(x). Suppose 3*y - 4*o - 1933 = -u*o, -5*y = 2*o - 3243. Is y prime?
True
Suppose -7941*s = -7926*s - 5253315. Is s a prime number?
False
Suppose -34086 = 2*m - 5*m. Is (-2)/9 + -1*m/(-18) composite?
False
Suppose 716 + 34 = 10*t. Is 1*-3*(-187825)/t a composite number?
True
Let b be -1*108/(-8)*8/(-12). Let l(u) = -257*u - 152. Is l(b) a prime number?
True
Let q be (34/68)/(14/(-8) + 2). Let b(s) = 355*s**3 + 4*s**2 - s - 9. Is b(q) a composite number?
True
Let p(o) = -291*o + 98. Let a = 212 - 227. Is p(a) prime?
True
Suppose 90*v - 53581783 = 42116762 - 12208515. Is v a composite number?
True
Let u(h) = -44*h**3 - 8*h**2 - 42*h - 23. Is u(-7) composite?
True
Let u(d) be the second derivative of -d**5/20 + d**4/12 + 5*d**3/6 - 2*d**2 - 12*d. Let k be u(2). Suppose -645 = -m + 5*h, m = 6*m + k*h - 3279. Is m prime?
False
Let t(f) = -25437*f - 104. Is t(-3) a composite number?
False
Let y be 2/9 - (-1344)/(-216). Let x(d) = 47*d - 55. Let f be x(y). Let a = f - -696. Is a a prime number?
True
Let d = -94 - -248. Suppose -b - d = b + 5*q, b = 2*q - 86. Let f = 27 - b. Is f prime?
True
Suppose 4*w = 3*b - 378445, 37*b - 4*w + 504612 = 41*b. Is b a prime number?
True
Let f(w) = 3*w**3 - 47*w**2 - 171*w - 21. Is f(52) prime?
True
Let k(o) = -10*o**2 - 9*o + 5. Let u be k(1). Let h(n) = n**3 + 16*n**2 + 23*n + 19. Is h(u) composite?
False
Suppose -101 - 43 = -4*f. Suppose -b = 5*b + f. Let u(p) = 2*p**2 - 3*p + 5. Is u(b) prime?
False
Let s(b) = 9*b**2 + 34*b + 582. Is s(-67) a prime number?
False
Is (-144)/(-816) + 8089036/34 composite?
True
Suppose 8 = g - 3*w + 9, -4*g - 15 = -w. Is (-10110)/(-12) - 2/g a prime number?
False
Let w(k) = 681*k**2 + k + 1. Let x(j) = 3 - 3 - 6 - 91*j + 90*j. Let a be x(-5). Is w(a) composite?
True
Let y(h) = -h**3 - h**2 + 4. Let k be 0*(5/15 + 5/(-6)). Let w be y(k). Suppose -3*f = w*n - 0*f - 997, -1240 = -5*n - 5*f. Is n a composite number?
True
Suppose -3*q + 5 = -2*q. Let h = 9647 - 2692. Suppose -q*p - 3*w = -w - h, 0 = -4*p + 3*w + 5564. Is p a prime number?
False
Suppose -77*y + 157*y + 111933 = 89*y. Is y a composite number?
False
Let g(l) = 8 - 10 + 6990*l + 19 + 5 + 19. Is g(3) composite?
False
Suppose 3*p = -5*c + 4, 3*c - 8 = -5*p - 12. Suppose c*x = -4*r + 3*x + 11974, -r + 4*x + 3001 = 0. Is r prime?
False
Let v(a) be the third derivative of -3*a**6/5 - a**5/4 + 7*a**4/24 + a**3/2 - 34*a**2. Is v(-7) prime?
False
Suppose -5*q - 2*n + 99525 = -7*n, n - 2 = 0. Is (-7 - 120/(-10)) + 1 + q composite?
False
Let v = -285 + -580. Let q be 4/6 - v/(-15). Is (q/38)/(1/(-674)) a composite number?
True
Let n(b) = -50*b**2 + 23*b - 5. Let z(l) = -l**2 + l. Let u(h) = -n(h) - 3*z(h). Let w be u(8). Suppose 3*d + 3 = 0, t - 3*d - 793 - w = 0. Is t prime?
False
Suppose -3*o - 5*j + 1284638 = 0, 3*j - 217797 + 646033 = o. Is o a prime number?
True
Let s(k) = -2050*k + 3. Suppose 4*c - 4*g + 32 = 0, -42 = 4*c + 5*g + 17. Let f = 10 + c. Is s(f) a prime number?
True
Suppose 9*g + 8 = -19. Is (-505 - g)*(-126)/36 composite?
True
Let l = 742747 + -331658. Is l prime?
False
Let j be (6 + -4 - 4) + (-5 - 1). Let u(n) = -n**3 - 9*n**2 + n - 15. Let x be u(j). Let r = x - -310. Is r a prime number?
True
Is 74/(-555) + 261681/45 a composite number?
True
Suppose 4*k + 4*w = 7*k - 2322632, -2*w = k - 774204. Suppose -46*n + 67638 = -k. Is n a composite number?
False
Let z(m) = -64*m - 11. Let u be z(-9). Suppose 4*s = 0, 0 = 3*c - 4*s - u - 470. Let g = 612 - c. Is g composite?
True
Suppose 12*k = 15*k - 6. Suppose k*q = -5 + 3. Let c(v) = -234*v**3 - 1. Is c(q) prime?
True
Is (-752682)/(-30) - (4/(-18))/(5/(-9)) a composite number?
True
Let s(c) = -234*c + 15. Let h be (3 + (-15)/6)*(12 + -20). Is s(h) a prime number?
False
Let h = 62 + -56. Let o be 9/h*(6 + 0). Suppose o*x - 4*x - 1045 = 0. Is x prime?
False
Let y(a) = 17*a + 2*a**3 - a**2 + 2*a**3 - 2*a**3 + 3*a**3 - 46. Is y(9) composite?
False
Let g be 1 + 2 - ((-4 - -8) + 33). Let b = g + 32. Is ((-12)/(-6))/(b/(-533)) prime?
False
Suppose -348 + 978 = 9*z. Suppose -3*g + z = 61. Suppose 0 = g*m + 2*m - 935. Is m prime?
False
Let v be (1/((-6)/(-1310)))/(28/84). Suppose 154 = l - 5*i + 2*i, v = 4*l + i. Is l composite?
False
Let m = 206621 - -13056. Is m a composite number?
False
Suppose -5*h = -4*x - 360115, h - 68899 = -4*x + 3100. Is h composite?
False
Let r be -6 + 4 - -19*35. Suppose 1980 = a - r. Suppose 4*k - s - a = 0, 0*s = 5*k + 3*s - 3325. Is k a composite number?
True
Suppose -2*j = 5*i - 35 + 168, i - 233 = 4*j. Let v = 145 + j. Let a = 249 - v. Is a a composite number?
False
Suppose -150 = 5*j - 145. Is (-150570)/(-42) - j*2 a prime number?
False
Let o be (-4)/10 + 6/15. Let d be 15596/8*(-64)/(-112). Suppose o = -m + 3*m - d. Is m prime?
True
Let q(x) = 5769*x**3 - 2*x**2 - 9*x + 24. Let o be q(2). Suppose o - 118722 = -4*t. Is t a composite number?
False
Let b(n) = -3*n**2 - 23*n - 30. Let q be b(-6). Suppose q = d - 16419 - 12220. Is d prime?
False
Suppose 7*f - 5392625 = -168*f. Is f a prime number?
False
Suppose 320*s = 4*z + 317*s - 24785, z = -3*s + 6200. Is z a prime number?
True
Let x = -691 - -695. Is ((-4)/(-14))/(x/28) - -249 a composite number?
False
Is (-21)/(-3) + (-2943642)/(-13) prime?
False
Let h(o) = 73*o + 103. Let j be h(-4). Is 4/9 + (-3521553)/j a prime number?
False
Suppose -14*o = -96 + 26. Suppose o*u - 4*k = -9*k + 12470, -5*k = -5*u + 12420. Is u composite?
True
Let g(h) = 186*h**2 - 14*h - 25. Let a be g(-6). Suppose i - 2*z = a, 0 = 3*i - z - 7214 - 13041. Is i a composite number?
True
Let r(v) = v**3 - 10*v**2 + 7*v + 15. Let b(p) = -6*p - 9. Let o be b(-3). Let x be r(o). Is ((327/2)/x)/(3/(-6)) composite?
False
Let a(p) = p**2 - 23. Let g = -105 - -92. Is a(g) composite?
True
Let z(m) = m**3 - 23*m**2 + 8*m + 20. Let f = -70 + 90. Let o be z(f). Let k = o - -1987. Is k a composite number?
False
Suppose -29*q + 1244217 = -841646 - 351500. Is q a prime number?
True
Let w = 209 - 212. Is (-9)/18 + w + (-62938)/(-4) composite?
False
Suppose -6*k + 4*m = -3*k - 433847, 8*k + 3*m = 1156939. Is k a prime number?
False
Let s(i) = 66056*i**2 + 18*i - 13. Is s(1) a composite number?
True
Let h = 8153 + -4094. Suppose -30 = -7*n + 40. Suppose 19*x - n*x = h. Is x a composite number?
True
Suppose 3*x - 600840 = -3*w, 801124 = 6*w - 2*w + 5*x. Suppose 0 = -8*q + 70812 + w. Is q a composite number?
True
Let c(t) = 73*t**2 + 3*t - 4. Let w be c(16). Let m = -7705 + w. Is m prime?
True
Let g be -4 + 1 + -1 + 6. Suppose -3*c + 3*h + 12 + 6 = 0, g*h + 4 = c. Suppose -2*b = -2*m + 7804, -c*m + 3*m = 3*b - 19550. Is m a prime number?
True
Is 7629573/(-28)*(-76)/57 a prime number?
True
Let o(h) = -59 + 50*h - 135*h - 132*h - 36*h - 4. Is o(-10) a composite number?
False
Suppose 3*f + 0 = 36. Let s(b) = b + 22. Let w be s(f). Suppose 29*t - w*t + 6595 = 0. Is t prime?
True
Suppose 45*z = 33*z + 456. Let v = 5471 + z. Is v a composite number?
True
Let n(i) = 162*i**2 + i + 239 - 239. Let f(c) = c**3 + 17*c**2 - 1. Let t be f(-17). Is n(t) a composite number?
True
Let c be (40/(-45)*3)/(1/(-3)). Suppose 0 = -c*l + 20*l. Let h(i) = -2*i**3 - i**2 - 2*i + 533. Is h(l) a composite number?
True
Let k(s) = -s**3 + 4*s**2 - 3*s + 5. Let g be k(2). Suppose 5*j - g*j + 102 = 0. Suppose 398 = -50*i + j*i. Is i prime?
False
Let r = 12123 - -6844. Is r prime?
False
Let k(v) be the third derivative of -v**4/24 - 4*v**3/3 - 34*v**2. Let x be k(-6). Is (-3263)/(-4) - (x + 11/4) a composite number?
True
Let t(a) = -32004*a + 14389. Is t(-21) composite?
False
Let d = 1779 + -640. Is d composite?
True
Suppose 8644 = -3*p - 5*l, -2*l + 5*l = 5*p 